e f(-244).
-44
Let m(s) = 4*s**2 - 953747*s + 9537073. Determine m(10).
3
Let d(v) = -155971*v - 2651511. What is d(-17)?
-4
Let y(z) = 60354*z + 120705. Calculate y(-2).
-3
Let c(h) = 8129*h**2 + 24401*h + 3. Determine c(-3).
-39
Let l(c) = 67*c**2 + 585*c + 2909. Calculate l(-5).
1659
Let a(t) = -t**3 - 20*t**2 + 72*t + 1953. Give a(-13).
-166
Let z(g) = -27*g**3 + 5*g**2 + 18*g + 22. Give z(-3).
742
Let m(k) = 361922*k + 1085769. Determine m(-3).
3
Let s(f) = -f**2 - 2276*f - 227951. Determine s(-105).
4
Let b(y) = -2*y**3 + 1045*y**2 + 512*y + 5750. What is b(523)?
-3
Let j(i) = i**2 + 1023*i + 60447. What is j(-63)?
-33
Let f(y) = 104*y**3 + 13*y**2 - 706*y + 693. What is f(1)?
104
Let m(j) = 3*j**3 - 2*j**2 + 381*j - 46. Determine m(0).
-46
Let w(n) = -5*n**2 + 1024*n - 15626. What is w(15)?
-1391
Let j(r) = 5*r**3 + 802*r**2 + 26107*r + 224. Give j(-115).
-6
Let j(q) = 3924*q - 47205. Determine j(12).
-117
Let y(i) = i**3 + 810*i**2 - 18050*i - 5568. Calculate y(22).
20
Let s(l) = -l**3 + 192*l**2 - 186*l - 884. Calculate s(191).
71
Let a(n) = 2*n**2 + 570*n + 32307. Calculate a(-78).
15
Let t(h) = 3549*h + 17939. Give t(-5).
194
Let d(c) = -11303*c + 734682. Calculate d(65).
-13
Let z(m) = 150*m + 15140. Give z(-103).
-310
Let d(n) = 4*n**2 + 16983*n - 50977. Calculate d(3).
8
Let q(s) = -15*s**2 + 463*s + 38. What is q(30)?
428
Let o(x) = 212*x**3 + 9116*x**2 + 11. Give o(-43).
11
Let z(b) = -8*b**3 - 322*b**2 - 209*b - 18657. Give z(-41).
-2
Let r(m) = m**2 - 228*m - 866. What is r(-4)?
62
Let a(z) = -z**2 - 4478*z + 144314. Determine a(32).
-6
Let x(a) = 14944*a - 1061021. What is x(71)?
3
Let a(l) = 39*l + 1220. Determine a(-40).
-340
Let c(w) = 3*w**2 - 311*w - 1209. Give c(107).
-139
Let f(y) = -28*y**2 - 6391*y - 1467. Calculate f(-228).
129
Let v(o) = 186*o - 18056. What is v(79)?
-3362
Let g(u) = 1827*u + 7628. Calculate g(-4).
320
Let c(s) = 2*s**3 - 25*s**2 + 40*s - 53. What is c(6)?
-281
Let f(m) = -177*m**2 - 4436*m - 292. Give f(-25).
-17
Let p(h) = 6*h**2 - 10934*h - 154250. Determine p(-14).
2
Let b(p) = -4*p**2 + 81721*p - 163425. Determine b(2).
1
Let t(y) = 309753*y - 2478033. Calculate t(8).
-9
Let f(o) = -12*o**2 - 791*o + 9105. What is f(10)?
-5
Let o(r) = r**3 + 275*r**2 - 3128*r + 5087. What is o(-286)?
-61
Let j(p) = 1637*p + 32669. Give j(-20).
-71
Let p(a) = -461*a**2 - 223*a + 225. Calculate p(1).
-459
Let q(v) = -139175*v + 1252655. Give q(9).
80
Let z(a) = 220604*a - 441209. What is z(2)?
-1
Let z(n) = 428*n**3 + 1543*n**2 + 7*n + 1. Determine z(-4).
-2731
Let p(g) = 1156*g**2 - 15038*g + 109. What is p(13)?
-21
Let n(l) = 148*l - 7276. Give n(55).
864
Let a(k) = 1006*k + 42. Determine a(3).
3060
Let m(o) = o**3 + 2260*o**2 + 119160*o + 1937. Calculate m(-54).
-7
Let p(h) = 44*h**3 + 1980*h**2 - 24*h - 1060. What is p(-45)?
20
Let f(b) = 2*b**2 + 3083*b + 149114. Determine f(-50).
-36
Let q(r) = -3*r**2 + 66*r - 489. Calculate q(29).
-1098
Let l(f) = -f**3 + 6*f**2 + 28*f - 12. Give l(9).
-3
Let j(d) = 316*d - 44227. Give j(140).
13
Let i(z) = -1498*z - 43529. Calculate i(-29).
-87
Let o(x) = 112*x + 6840. Give o(-61).
8
Let d(h) = 3*h**2 + 22*h + 213. Calculate d(-15).
558
Let p(o) = 31077*o + 1709236. What is p(-55)?
1
Let g(h) = 12*h**2 + 1074*h - 226. Give g(-90).
314
Let j(z) = -z**3 - 72*z**2 + 548*z + 34597. What is j(-73)?
-78
Let g(i) = 33169*i + 66389. Calculate g(-2).
51
Let a(i) = -5*i**3 + 16*i**2 + 102*i - 345. Determine a(4).
-1
Let w(m) = -2*m**3 + 190*m**2 - 207*m + 1785. Determine w(94).
-1
Let u(d) = d**3 - 28*d**2 + 190*d - 73. What is u(10)?
27
Let l(s) = -2*s**2 + 6028*s - 102226. What is l(17)?
-328
Let l(o) = o**2 + 5118*o + 66863. What is l(-13)?
498
Let s(d) = 2*d**3 + 179*d**2 + 257*d - 1370. Determine s(-88).
-754
Let x(r) = -3*r**3 + 93*r**2 + 2057*r - 199. Determine x(-15).
-4
Let a(v) = -26*v**2 + 445*v + 873. Calculate a(-2).
-121
Let r(f) = -f**3 - 226*f**2 + 433*f - 6709. Calculate r(-228).
-1465
Let q(z) = z**3 - 8*z**2 - 40*z - 736. Determine q(10).
-936
Let p(u) = -16351*u + 1111884. Determine p(68).
16
Let y(o) = -4*o**3 + 3*o**2 - 1402*o + 5613. What is y(4)?
-203
Let m(a) = 42*a - 9. Calculate m(7).
285
Let q(z) = 2*z**3 - 23*z**2 + 79. What is q(-2)?
-29
Let f(j) = 53433*j + 1923587. Determine f(-36).
-1
Let h(v) = -4*v**3 + 277*v**2 - 1150*v + 2928. Calculate h(65).
3
Let x(c) = 28846*c - 115390. Calculate x(4).
-6
Let m(y) = 23285*y - 605410. Calculate m(26).
0
Let o(z) = z**3 + 26*z**2 + 11*z - 366. Calculate o(8).
1898
Let l(r) = r**2 - 77008*r - 770124. What is l(-10)?
56
Let y(l) = 10801*l - 194096. What is y(18)?
322
Let z(j) = -j**3 - 68*j**2 + 1253*j - 58. Give z(15).
62
Let t(r) = 68*r**2 - 5985*r + 81. Determine t(88).
-7
Let l(g) = -2*g**2 + 12201*g - 182581. Calculate l(15).
-16
Let n(s) = -35033*s + 94. Determine n(0).
94
Let i(n) = -n**3 - 119*n**2 + 162*n + 5033. What is i(-120)?
-7
Let x(n) = -27*n**2 - 14*n - 93. Determine x(-2).
-173
Let m(k) = 42*k**2 + 17903*k + 4693. Determine m(-426).
7
Let b(l) = -7*l**2 + 372*l + 756. Calculate b(-2).
-16
Let u(c) = -8*c**3 + 494*c**2 - 349*c - 1032. What is u(61)?
5
Let x(u) = 8*u**3 - 769*u**2 - 1453*u - 1685. What is x(98)?
-19
Let i(z) = 4623*z + 83205. What is i(-18)?
-9
Let t(f) = f**3 + 58*f**2 - 980*f + 1912. Determine t(12).
232
Let a(q) = -3*q**3 - 522*q**2 - 6305*q - 4171. Calculate a(-161).
15
Let a(l) = 1463*l + 8859. Give a(-6).
81
Let j(n) = 8*n**2 + 677*n + 8700. Calculate j(-68).
-344
Let t(h) = 2*h**3 - 61*h**2 + 7*h - 834. What is t(31)?
344
Let p(b) = -6*b**3 - 71*b**2 - 232*b - 5. Determine p(-9).
706
Let m(c) = -1025*c**2 - 19451*c + 552. What is m(-19)?
96
Let k(u) = -180*u**2 + 10584*u + 2128. Give k(59).
4
Let x(t) = 100995*t + 4039808. What is x(-40)?
8
Let r(j) = -j**3 - 31*j**2 - 25*j - 2075. What is r(-29)?
-3032
Let w(p) = -27*p**3 - 5*p**2 - 19*p + 21. Calculate w(1).
-30
Let n(d) = 8*d**3 + 473*d**2 + 9*d - 2942. Give n(-59).
8
Let g(f) = 2*f + 325. Give g(-183).
-41
Let w(q) = 31250*q - 55312502. What is w(1770)?
-2
Let o(l) = 8638*l - 2764155. Give o(320).
5
Let u(d) = 8646*d - 181565. What is u(21)?
1
Let r(h) = -h**3 + 82*h**2 + 336*h + 157. Determine r(86).
-531
Let i(y) = y**2 + 37794*y + 3506186. What is i(-93)?
-7
Let b(v) = 30875*v - 3303575. Give b(107).
50
Let d(f) = -f**2 - 388*f + 66045. Determine d(128).
-3
Let k(q) = -21*q**3 + 107*q**2 - 20*q - 4. Determine k(5).
-54
Let u(w) = -w**2 + 163*w - 1793. Determine u(151).
19
Let d(q) = 180*q**2 + 3790*q + 15. Give d(-21).
-195
Let h(a) = 2*a**2 - 24*a - 33. Give h(-1).
-7
Let n(x) = 980*x - 19374. Give n(20).
226
Let r(a) = -a**2 + 18*a + 990. What is r(-17)?
395
Let j(i) = -52076*i - 1197763. What is j(-23)?
-15
Let p(j) = -19264*j**2 + 115571*j + 50. What is p(6)?
-28
Let u(r) = -46*r**2 - 4817*r + 209046. What is u(33)?
-9
Let f(h) = 1795*h - 19129. What is f(11)?
616
Let j(s) = -s**2 + 1496*s - 223127. Determine j(168).
-23
Let w(z) = 2*z**2 - 11059*z - 1587457. Give w(-140).
3
Let q(o) = -280*o - 6569. Give q(-21).
-689
Let x(n) = -21*n**3 + 58*n - 137. What is x(2)?
-189
Let l(g) = 30*g**3 - 843*g**2 + 98*g - 35. Calculate l(28).
357
Let u(i) = -i**3 - 19*i**2 + 4290*i - 47020. What is u(12)?
-4
Let h(p) = p**3 - 181*p**2 - 376*p + 100172. What is h(180)?
92
Let v(y) = 233*y + 19543. Determine v(-84).
-29
Let d(k) = 3*k**2 - 67*k - 803. Determine d(30).
-113
Let s(r) = -13*r**2 - 291*r - 11. Determine s(-8).
1485
Let c(u) = -4967*u**2 + 54625*u - 3. Give c(11).
-135
Let j(v) = -v**3 + 115*v**2 + 464*v - 89. Give j(119).
-1517
Let q(k) = 2*k**3 + 732*k**2 + 730*k + 3. Calculate q(-1).
3
Let b(v) = -120*v**2 + 4566*v - 235. What is b(38)?
-7
Let v(k) = -k**3 - 239*k**2 + 403*k - 19239. Calculate v(-241).
-200
Let q(b) = 2*b**3 + 25*b**2 - 79*b - 1273. What is q(-9)?
5
Let b(y) = 2612886*y - 5225772. Give b(2).
0
Let i(m) = -319*m**2 - 2235*m + 7. Determine i(-7).
21
Let l(v) = 112*v**2 + 57*v + 410. Determine l(0).
410
Let d(j) = -28446*j - 3185935. Determine d(-112).
17
Let g(h) = -h**3 - 185*h**2 - 40*h + 26504. Determine g(-184).
8
Let n(k) = 2*k**3 + 394*k**2 - 1965*k + 51. Determine n(5).
326
Let a(r) = -r**3 + 538*r**2 - 26131*r - 270. Determine a(54).
0
Let k(x) = x**3 - 188*x**2 - 575*x + 583. Calcu